 8*y + 230. Let i = y + 101. Suppose -38 = -21*h + 19*h. What is the remainder when i is divided by h?
17
Let n(u) = -u**3 + 9*u**2 - 2*u + 22. Let a be n(9). Suppose l = -a*l + 125. Calculate the remainder when l is divided by 4.
1
Let q(s) = 5*s**2 - 2*s + 4. Let x be q(-3). Let w = 208 + x. Suppose -3*c - w = -5*f - c, 0 = 5*f - 5*c - 260. Calculate the remainder when f is divided by 8.
5
Suppose -b + 5 = 0, 0 = 5*w + 68*b - 63*b - 295. Calculate the remainder when 296 is divided by w.
26
What is the remainder when 862 is divided by (-20)/(-660)*22*78?
30
Suppose 4*y - 442 = 2*t, 5*y - 17*t - 548 = -19*t. Calculate the remainder when y is divided by 35.
5
Let r = 328 + 20. Let g = 382 - r. What is the remainder when g is divided by 5?
4
Let o = -30516 - -31205. What is the remainder when o is divided by 123?
74
Let s = -197 + 262. Let f be -3 - -1*(-2 + 3). Let a(n) = -3*n**3 - 2*n**2 + 1. Calculate the remainder when s is divided by a(f).
14
Let q be 8*5/10 - -2. Suppose 2*w = 112 + q. Let x = 101 - w. Calculate the remainder when x is divided by 15.
12
Let h(s) = s**2 + 5*s + 484. Calculate the remainder when h(-28) is divided by 13.
10
Let h = 286 + -162. What is the remainder when h is divided by (81/(-18))/(2*(5 + (-246)/48))?
16
Suppose -3 = x + 3*b - 25, -4*b - 1 = -3*x. Let g = -449 - -503. Suppose n - 87 + g = 0. Calculate the remainder when n is divided by x.
5
Suppose 653 - 15349 = h - 45*h. What is the remainder when h is divided by 20?
14
Suppose -3*d + 5*p + 521 = -0*d, d + 2*p = 159. Let m = d + -163. Calculate the remainder when 70 is divided by m.
2
Suppose -30*f = 30*f + 3*f - 43785. What is the remainder when f is divided by 13?
6
Suppose -5*f + f = -20. Suppose f*g + 40 - 15 = 0. Calculate the remainder when (7/(-9) - 4/18)*g is divided by 4.
1
Let z = -11089 + 13538. What is the remainder when 4898 is divided by z?
0
Let r(l) = 16*l**2 + 5*l - 6. Let h be r(1). Let z = h + 43. What is the remainder when z is divided by 16?
10
Let u = -400 + 193. Let a = -194 - u. What is the remainder when 32 is divided by a?
6
Let w(t) be the second derivative of -27*t**3/2 - 221*t**2/2 + 113*t + 2. What is the remainder when w(-7) is divided by 12?
10
Suppose -6*p - 8*p + 700 = 0. What is the remainder when p is divided by (-90)/450*(-1 + -54)?
6
Suppose 7*y - 3*y = -2*y. Suppose y = 12*s - 7*s - 105. Calculate the remainder when 81 is divided by s.
18
Suppose -773*x + 762*x + 825 = 0. Calculate the remainder when 391 is divided by x.
16
Suppose -z = -4*g - 2 - 16, 3*z - 28 = -g. Suppose -5*v + 716 = 3*l - 420, -v = 5*l - 1886. What is the remainder when l is divided by z?
7
Let y be 24/(-1) - 7/(7/(-2)). Calculate the remainder when 79 is divided by ((-165)/y + -6)/(6/140).
9
Suppose -177 = -2*x + 3*v, -3*x + v + 294 - 25 = 0. Suppose -95 = -o - x. What is the remainder when 51 is divided by o?
1
Suppose 10*t + c - 182 = 0, -6*t + 10*t = -4*c + 80. What is the remainder when 61 is divided by t?
7
Suppose 0 = 51*x - 55*x + 120. Let o be ((-15)/10)/((-9)/30). Suppose -3*y + 27 + 3 = 3*u, 0 = 3*y + o*u - x. Calculate the remainder when y is divided by 4.
2
Let w = 6743 - 6720. What is the remainder when 294 is divided by w?
18
Let b be 4/(40/(-5)) + (-3)/(-2). Calculate the remainder when 49 is divided by (-123)/(-6) + b/(8/(-20)).
13
Let d(x) = -x**3 - 120*x**2 - 163*x - 2173. Calculate the remainder when d(-119) is divided by 93.
87
Suppose 3*t = -2*n + 26, 11*t - 9*t - 14 = 2*n. Calculate the remainder when 138 is divided by t.
2
Let v = 37 + -35. Let h be ((-20)/(-8) - 0)/(1/v). Calculate the remainder when 77 is divided by (2/h)/(3/165).
11
Let y = 391 - 231. Suppose i - y = -3*i. Let m(c) = -c**3 - 7*c**2 - 4*c + 90. Calculate the remainder when m(-7) is divided by i.
38
Let o = 4468 + 170. What is the remainder when o is divided by 108?
102
Calculate the remainder when (-1 + 38/(-3))*(7 + -10) is divided by 7/((-56)/(-6))*(-3 + 7).
2
What is the remainder when ((-352)/(-1232) + ((-4971)/7)/(-3))/1 is divided by 47?
2
Let p be -1*(-3450 - 1)/7. Let k = 535 - p. Calculate the remainder when k is divided by 4.
2
Suppose -771 = -h - f, -3*h - 2*f + 2331 = -5*f. Calculate the remainder when h is divided by 41.
36
Suppose 4*j = 5*v + 96, 3*j = -v + 135 - 82. Let r(z) = -z**3 - z + 1. What is the remainder when j is divided by r(-2)?
8
Let g = 48 + -42. Suppose 0 = -2*k - 2*q + 206 - 66, -5*k = q - 342. Let c = k - 52. What is the remainder when c is divided by g?
4
Suppose 190406 = 95*w - 48080 - 290379. What is the remainder when w is divided by 28?
23
Let u(s) be the third derivative of s**5/60 + s**4/12 - 2*s**3 + 8*s**2. What is the remainder when (-2382)/(-27) - (1 + 14/(-18)) is divided by u(-7)?
19
Suppose -11*y + 4*q = 7*q - 829, -y = 5*q - 47. What is the remainder when 1461 is divided by y?
75
Suppose 8*h = 9*h - 9. Suppose b - 33 = -h. Calculate the remainder when b is divided by 5.
4
Suppose 0*z = 13*z + 77298. Calculate the remainder when (-14)/175*5 - z/15 is divided by 21.
18
Calculate the remainder when (30/35)/((-45)/(-6510)) is divided by 32.
28
Let k = -23696 + 24517. What is the remainder when k is divided by 404?
13
Let d(t) = 4 + 0 - 2*t + 4*t. Let k be 450/(-60)*4/(-6). What is the remainder when 53 is divided by d(k)?
11
Let b = -29 + 196. What is the remainder when b is divided by 8 + -12 + (-6 + 5 - 26/(-1))?
20
Suppose -91 = -13*l + 78. What is the remainder when 408 is divided by l?
5
Let c(n) = n**2 - 7*n + 10. Let o be c(5). Suppose o = 3*w - 23 - 7. Calculate the remainder when 2*(-2 - 129/(-6)) is divided by w.
9
Suppose 10 = 2*n, 4*q + 29*n - 26*n = -81. Let c(b) = -7*b**2 + 3*b. Let k be c(2). Let h = k - q. Calculate the remainder when 46 is divided by h.
0
What is the remainder when 6*(-22)/264*-1356 is divided by 189?
111
Let u(d) be the first derivative of d**2/2 + 24*d - 88. Calculate the remainder when 94 is divided by u(0).
22
Suppose 0 = -4*y + 30 - 2. Suppose -10*l + 324 = -y*l. Suppose r - 3*r + l = 0. Calculate the remainder when r is divided by 19.
16
Let w(t) = t**2 - 12*t - 1090. What is the remainder when w(42) is divided by 2?
0
Let h be ((-164)/6)/(42/315). Let o = h + 291. Calculate the remainder when o is divided by 9.
5
Let w(v) = 3*v**3 - 2*v**2 + v. Let q be w(1). Suppose f + o - 15 = 0, -6*o = -q*f - 2*o + 6. Calculate the remainder when 8/(32/(-6))*22/(-1) is divided by f.
0
Let k = -4277 + 4291. What is the remainder when 6940 is divided by k?
10
Suppose -521*x - 13629 = -554*x. What is the remainder when x is divided by 196?
21
Suppose -r = -0*r - 3. Suppose -r*g + 2493 + 2507 = 4*i, -3*g = 3*i - 4998. What is the remainder when 26 is divided by (g/(-24))/(-13)*(0 - -3)?
10
Suppose 0 = -3*q - 5 + 62. Suppose -w - q = -61. Suppose -5*u + 48 = -u. What is the remainder when w is divided by u?
6
Suppose -35*h + 1907 = -4869 - 3584. What is the remainder when h is divided by 142?
12
Let o(f) = -3*f + 5*f**2 - f - 4*f**2 + 31 - 10*f. Let w be o(19). What is the remainder when 6 is divided by ((-4)/(-5))/((w/(-35))/(-9))?
0
Suppose 5*g - 3*j = 128, 76 = g + 2*g - 2*j. Calculate the remainder when (-3 - 1 - 38/(-8))*148 is divided by g.
27
Let f(u) = 4*u**2 + 274*u - 330. Calculate the remainder when f(-70) is divided by 4.
2
Suppose 0 = -38*i + 28*i + 100. Suppose 3*m = 3*y + 306, 5*y + 92 - i = m. What is the remainder when m is divided by 27?
26
Let t = 113 - 65. Let k = t - 45. Suppose c + 2*c = -l + 11, -k*l + 4*c = -33. Calculate the remainder when 42 is divided by l.
9
Let z be (0 + 3)/(6/(-20)). Let s(a) = -4*a - 23. Let o(y) = -7*y - 21. Let d(p) = 4*o(p) - 3*s(p). What is the remainder when d(z) is divided by 37?
34
Let r(v) = 21*v + 36*v**2 - 9*v**2 - 20 - 13*v**2 - 15*v**2. What is the remainder when 540 is divided by r(18)?
30
Let o = 27 + -34. Let d = o + 7. Suppose d = -3*x + 213 - 75. What is the remainder when x is divided by 12?
10
Let r(f) = -7*f**2 - 13*f + 21. Let a(c) = -7*c**2 - 12*c + 20. Let b(g) = -4*a(g) + 3*r(g). What is the remainder when 56 is divided by b(2)?
27
Suppose -8*p = -11899 - 14477. Calculate the remainder when p is divided by 5.
2
Let p(n) = -4*n**2 + 51*n + 4. Let h be (12/5)/((-2)/(-10)). What is the remainder when 111 is divided by p(